 and 23.
23
Calculate the greatest common factor of 1113 and 756.
21
Calculate the greatest common factor of 180 and 2.
2
Calculate the greatest common factor of 17663 and 85.
17
What is the greatest common factor of 6054 and 12?
6
What is the greatest common factor of 15 and 65?
5
What is the greatest common divisor of 8 and 256?
8
What is the highest common divisor of 2346 and 102?
102
What is the highest common factor of 385 and 275?
55
What is the highest common factor of 14 and 8?
2
What is the greatest common divisor of 34 and 374?
34
What is the greatest common divisor of 128 and 80?
16
Calculate the highest common divisor of 736 and 976.
16
Calculate the highest common factor of 4500 and 36.
36
What is the highest common divisor of 1585 and 5?
5
What is the greatest common divisor of 128 and 48?
16
What is the highest common divisor of 493 and 58?
29
Calculate the greatest common factor of 250 and 10.
10
Calculate the greatest common divisor of 2223 and 2925.
117
Calculate the greatest common factor of 1 and 31.
1
What is the highest common divisor of 106 and 42?
2
What is the highest common factor of 58069 and 11?
11
What is the greatest common divisor of 7 and 34006?
7
What is the greatest common factor of 50 and 400?
50
What is the greatest common divisor of 12 and 14838?
6
Calculate the highest common factor of 180 and 40.
20
Calculate the highest common factor of 254 and 68326.
254
What is the greatest common divisor of 9730 and 350?
70
Calculate the greatest common factor of 68 and 4012.
68
What is the highest common factor of 4342 and 26?
26
What is the greatest common factor of 17850 and 17?
17
Calculate the greatest common factor of 475 and 1520.
95
What is the highest common factor of 980 and 8960?
140
Calculate the greatest common factor of 495 and 45.
45
Calculate the highest common divisor of 24 and 152.
8
What is the greatest common factor of 493 and 68?
17
Calculate the highest common factor of 10 and 2205.
5
What is the highest common factor of 16 and 100?
4
What is the greatest common factor of 2310 and 273?
21
Calculate the highest common factor of 212 and 6.
2
Calculate the highest common factor of 256 and 7856.
16
Calculate the highest common factor of 18863 and 13.
13
What is the greatest common divisor of 21525 and 105?
105
What is the greatest common divisor of 1881 and 44?
11
What is the highest common factor of 20 and 115?
5
What is the greatest common divisor of 1760 and 160?
160
Calculate the greatest common divisor of 77 and 413.
7
Calculate the highest common factor of 458 and 229.
229
Calculate the greatest common divisor of 4998 and 153.
51
What is the greatest common divisor of 630 and 20?
10
What is the highest common divisor of 516 and 12?
12
Calculate the greatest common divisor of 91 and 189.
7
Calculate the greatest common factor of 45 and 435.
15
Calculate the highest common factor of 160 and 384.
32
What is the highest common divisor of 413 and 295?
59
What is the greatest common factor of 4490 and 10?
10
What is the greatest common divisor of 79 and 79?
79
Calculate the highest common factor of 550 and 66.
22
Calculate the greatest common divisor of 621 and 92.
23
What is the greatest common divisor of 8 and 700?
4
What is the highest common factor of 18 and 32?
2
Calculate the highest common factor of 623 and 1335.
89
What is the greatest common divisor of 156 and 12?
12
Calculate the greatest common divisor of 15 and 47640.
15
Calculate the greatest common factor of 1147 and 74.
37
Calculate the greatest common factor of 425 and 25.
25
What is the greatest common divisor of 2041 and 104?
13
What is the highest common factor of 323 and 17?
17
Calculate the highest common divisor of 50 and 50.
50
What is the greatest common factor of 18258 and 17?
17
Calculate the highest common factor of 5047 and 103.
103
What is the greatest common factor of 2040 and 200?
40
What is the greatest common divisor of 7 and 798?
7
Calculate the highest common divisor of 2 and 14.
2
What is the highest common factor of 39 and 108?
3
What is the highest common divisor of 12 and 27?
3
What is the greatest common divisor of 78 and 182?
26
Calculate the highest common divisor of 399 and 54.
3
What is the highest common divisor of 5696 and 801?
89
What is the greatest common factor of 152 and 6764?
76
What is the highest common factor of 198 and 1089?
99
What is the highest common divisor of 128 and 216?
8
Calculate the highest common factor of 196 and 8.
4
Calculate the greatest common factor of 48 and 224.
16
What is the greatest common factor of 24 and 492?
12
What is the greatest common divisor of 84 and 196?
28
What is the highest common factor of 1960 and 21?
7
Calculate the highest common divisor of 1167 and 5446.
389
What is the greatest common factor of 2336 and 32?
32
What is the greatest common divisor of 51 and 51?
51
Calculate the highest common factor of 8 and 1336.
8
Calculate the greatest common factor of 16233 and 21.
21
What is the highest common divisor of 4304 and 16?
16
What is the highest common factor of 1605 and 405?
15
What is the greatest common factor of 325 and 1450?
25
Calculate the greatest common divisor of 770 and 350.
70
What is the highest common factor of 30 and 27870?
30
Calculate the highest common factor of 130 and 208.
26
Calculate the highest common factor of 40 and 580.
20
What is the greatest common factor of 84 and 567?
21
What is the highest common divisor of 152 and 104?
8
What is the highest common divisor of 3402 and 56?
14
What is the highest common divisor of 9016 and 184?
184
Calculate the highest common factor of 549 and 63.
9
What is the highest common factor of 20 and 167540?
20
What is the greatest common factor of 187 and 697?
17
What is the highest common factor of 1280 and 64?
64
What is the highest common factor of 30 and 380?
10
Calculate the highest common factor of 2 and 202.
2
Calculate the greatest common factor of 188 and 564.
188
What is the greatest common divisor of 9 and 261?
9
What is the greatest common factor of 154 and 42?
14
What is the greatest common divisor of 275 and 1200?
25
Calculate the greatest common divisor of 459 and 255.
51
Calculate the greatest common divisor of 15 and 414.
3
Calculate the greatest common divisor of 93 and 6.
3
What is the highest common divisor of 16367 and 39?
13
What is the highest common factor of 520 and 140?
20
What is the highest common divisor of 153 and 1008?
9
What is the greatest common factor of 2 and 10?
2
Calculate the greatest common factor of 13360 and 160.
80
What is the greatest common divisor of 1032 and 18834?
258
Calculate the highest common divisor of 162 and 4.
2
What is the greatest common divisor of 17 and 17?
17
What is the highest common factor of 330 and 319?
11
Calculate the greatest common factor of 4 and 10172.
4
What is the highest common divisor of 297 and 33?
33
Calculate the highest common factor of 88 and 22.
22
What is the greatest common divisor of 2698 and 38?
38
What is the highest common divisor of 42 and 27321?
21
What is the greatest common divisor of 20434 and 34?
34
What is the highest common factor of 864 and 486?
54
What is the greatest common factor of 2014 and 570?
38
Calculate the greatest common divisor of 3230 and 85.
85
What is the highest common factor of 172 and 301?
43
Calculate the highest common divisor of 1071 and 30.
3
What is the greatest common divisor of 2668 and 116?
116
What is the highest common divisor of 60 and 1380?
60
What is the highest common factor of 66 and 13926?
66
Calculate the greatest common factor of 12 and 66.
6
What is the greatest common divisor of 8 and 328?
8
What is the greatest common divisor of 394 and 1379?
197
What is the greatest common divisor of 44 and 4180?
44
Calculate the greatest common factor of 85 and 1360.
85
What is the highest common factor of 98 and 539?
49
What is the greatest common divisor of 41 and 205?
41
What is the greatest common factor of 2415 and 70?
35
What is the highest common factor of 10 and 12370?
10
What is the greatest common divisor of 456 and 1311?
57
Calculate the greatest common divisor of 60 and 2120.
20
What is the greatest common divisor of 360 and 405?
45
Calculate the highest common fact